 - 4*j - 33 + 115. What is the units digit of h/t + (-3)/(-9)?
4
Suppose -2*v = -k - 124, -v + 2*k = -48 - 11. Suppose 2*q - 34 = 2*b, 4*q - v - 23 = -2*b. What is the tens digit of q?
2
Suppose 32 = 7*v + v. What is the units digit of v?
4
Let m(q) = -q + 3. What is the units digit of m(-10)?
3
Let n = -3 - 0. Let g be 0/(-2 - n) - 0. Suppose -5*m + 85 = -4*s, g = 4*m - 2*s - 85 + 23. What is the units digit of m?
3
Suppose i + 4*v - 9 = 0, -4*i + 4*v - 2*v = 0. Let n be (-3 + 2 + i)/(-3). Suppose n*d = -2*d + 20. What is the tens digit of d?
1
What is the units digit of (18/(-15))/3 + 711/15?
7
Let n(a) = 201*a**2. What is the hundreds digit of n(1)?
2
Let q(p) = p - 7. Let g be 9/(-12)*(-12 + 0). What is the units digit of q(g)?
2
Let u = 1 - -2. Suppose -u - 13 = -r. What is the units digit of r?
6
Let r be (11 - -1)*3/(-6). Let a = r - -23. What is the tens digit of a?
1
Let q(c) = c + 3. Let m(h) = 2*h**2 - h - 1. Let v be m(2). Suppose v*x + 5*l = -19 + 64, x = -5*l + 29. What is the units digit of q(x)?
7
Let a = -11 + 27. What is the tens digit of a?
1
Let g(t) = 13*t + 6. What is the tens digit of g(14)?
8
Let b(t) = t - 4. What is the units digit of b(9)?
5
Let h(l) = -l**3 + 8*l**2 + 9*l + 3. Let v be h(9). Suppose 3*k - 4*k - 3*p = 14, 16 = k - v*p. What is the units digit of k?
1
Let k(o) = -3*o - 17. Let y be k(-7). What is the tens digit of (-2)/8 - (-85)/y?
2
Suppose 0 = n + 33 - 154. What is the tens digit of n?
2
Let h be 1/((7/2)/7). Suppose 50 = 3*m - m + h*o, -3*o = -m + 13. What is the units digit of m?
2
Suppose 21 = 4*b - w, 10 = -4*b + 5*w + 51. What is the tens digit of (-2)/b - 535/(-10)?
5
Let l(m) = m**3 + 3*m**2 - 6*m - 1. Suppose -1 - 3 = 2*w - 4*a, 3*w + 13 = -a. What is the units digit of l(w)?
7
Let z(u) = 2*u**3 - 3*u**2 + 1. Let r be z(-2). Let h be 7/((-7)/10)*6. What is the units digit of 6/(-27) + h/r?
2
Suppose t + 2*g = g + 62, -5*t + 2*g = -303. Suppose -3*n + 26 = u - 5*n, 2*u + 5*n - t = 0. What is the units digit of u?
8
Let g = -68 - -42. What is the tens digit of g/(-2) - (-2 + 3)?
1
Let s(p) = p - 7. Suppose -q + 3*r + 18 = 0, -q = -0*q + 4*r + 10. Let v be s(q). Let f = v - -6. What is the units digit of f?
5
Let y(d) = -d**3 - 6*d**2 + 6. Let i be 17/(-3)*(4 + -7). Suppose 2*u = -5*r - i - 13, -30 = 5*r - 3*u. What is the units digit of y(r)?
6
What is the units digit of ((-2)/(-3))/((-6)/(-18))?
2
Let d be (-2)/(-3) + (-8)/3. Let k be d/(-3) - 43/(-3). Suppose -2*a + b = 2 - 9, 0 = -5*a + 3*b + k. What is the units digit of a?
6
Let n be 1 + (-12)/4 - -50. Suppose 3*d + 3 - n = 0. What is the units digit of d?
5
Suppose 0 = -2*m - 2*g + g - 32, -5*m - 4*g - 77 = 0. Let k = -10 - m. What is the units digit of k?
7
Suppose 2*n + 86 = -3*h, 0*h + 5*h + 154 = 2*n. Let a be ((-12)/10)/(4/h). Let q = -3 + a. What is the units digit of q?
6
What is the tens digit of 1692/30 - -4 - (-2)/(-5)?
6
Suppose 4*x - 34 = 134. What is the tens digit of x?
4
Let m be -22*(14/(-4))/7. Let b be -9 + 8 + m + 1. Let t = b - 4. What is the units digit of t?
7
Suppose 5*c - 2*q - 20 = 3*q, 17 = 3*c + 2*q. Let t = 8 + c. What is the tens digit of t/(-1 + 5 + -3)?
1
Let w = 3 + -1. Let g(u) = 2*u**3 - 2*u**2 - 3*u + 2. What is the units digit of g(w)?
4
Suppose -2*m = m + 120. What is the tens digit of (2 - 1)/((-4)/m)?
1
Suppose -122 = 7*y - 9*y. What is the tens digit of y?
6
Let m be 74/8 - 1/4. Let w(f) = -f - 3. Let n be w(-3). Suppose 5*x - m = -g, 2*x + 4*g = -n*g. What is the units digit of x?
2
Let s(v) = v**3 + 7*v**2 + 7*v + 10. What is the units digit of s(-6)?
4
Let z(m) = -m**2 - 10*m + 7. Let b be z(-9). Suppose u + b = 3*u. Suppose -4*w + u = -12. What is the units digit of w?
5
Let f = 48 - 9. What is the tens digit of f?
3
Let y be 2 - (0/1 - -2). Suppose y*a = a + 10. Let b = a - -20. What is the tens digit of b?
1
What is the tens digit of 1 + 24 - (-1)/(-1)?
2
What is the tens digit of 3650/40 - (-2)/(-8)?
9
Suppose -19 = -3*g + 35. Suppose -22 = -4*m + g. What is the units digit of m?
0
Suppose -2*l + 22 = -4*b, -3*l = -4*b - 2*l - 23. Let u = b - -10. What is the units digit of u?
4
Let d(k) = k**2 + 4*k - 4. Let j be d(-4). Let g = j - -6. What is the units digit of 4 - ((2 - 2) + g)?
2
Suppose 0 = -s + 2, 19 + 10 = 5*b - 3*s. Suppose -b = -2*w + 5*z, -11 = -3*z - 2. What is the tens digit of w?
1
Let w = -6 + 10. Suppose 0 = -w*d + 4*b + 20, -2*d - b + 10 = -4*b. What is the units digit of d?
5
Let a(c) = 12*c - 37. What is the tens digit of a(8)?
5
Let v = 2 + 0. Suppose -3 = -v*u - u. What is the units digit of u?
1
Suppose -3*r + r - 3 = -d, d + 5*r - 3 = 0. Let p(s) = d*s + 3*s - s. What is the units digit of p(1)?
5
Let s = -27 + 41. What is the tens digit of s?
1
Suppose 3*f + 3*x = -6, -2*f = 2*f - 4*x - 16. What is the units digit of -2 + f/((-3)/(-48))?
4
Suppose -3*m + 2*g + 92 = 0, m - g - 20 = -3*g. What is the units digit of m?
8
What is the units digit of ((-6)/5)/(3/(-30))?
2
Let c be -3 + (0 - -2) - -6. Let b = 6 + c. Let j = -3 + b. What is the units digit of j?
8
Let b(c) = c**3 - 12*c**2 + 13*c - 10. Let a be b(11). Suppose 2*g = a + 6. What is the units digit of g?
9
What is the units digit of (4 + -29)*27/(-15)?
5
Suppose -5*i - 5 = -3*d, -i + 0*i = -2. Let u be 13/d - 6/(-15). Suppose 5*z - u = 22. What is the units digit of z?
5
Suppose -147 = -2*b - b. What is the units digit of b?
9
Let v = 87 + -33. What is the units digit of v?
4
What is the units digit of -1*6/(-2)*112/21?
6
Let g = 6 - 6. Let s(x) = x**3 + 5*x**2 + 3. Let p be s(-5). Suppose 4*j + p = 5*o - g*o, -5*o + 27 = 4*j. What is the units digit of o?
3
What is the units digit of 6/(-27) - 10450/(-45)?
2
Suppose -34 = 5*j + 11. What is the tens digit of (-9 + 8)*j*5?
4
What is the units digit of 3 + -1 - (-327 - 5 - 2)?
6
Let g = 10 + 4. Suppose -5*u + 31 = -g. What is the units digit of u?
9
Let r = -93 - -197. What is the tens digit of r?
0
Let b(v) = -4*v**3 - v**2 - 2*v - 1. Let n be b(-1). What is the units digit of (-8 + 2)*(-6)/n?
9
Let f = 4 + -1. Suppose -3*g + b + 10 = -b, 0 = 3*g + f*b. Suppose -g*t - 3*t + 50 = 0. What is the tens digit of t?
1
Let t(v) = -v - 6. Let z be t(-6). Suppose z = -4*h + h + 6. Suppose -2*d = h*w - 5*d - 23, -4*w + 2*d = -58. What is the tens digit of w?
1
Let y(i) = 5*i**2 - 19*i + 2. What is the tens digit of y(-6)?
9
Suppose -5*z + 18 = 3. Let q = z + 4. Suppose -2*o = -q*o + 15. What is the units digit of o?
3
Suppose 2*b = -8, -3*v - 2*b = -0*v - 118. What is the tens digit of v?
4
Let q(j) be the second derivative of 0 + 3*j - j**2 + 1/3*j**3. What is the units digit of q(3)?
4
Suppose -3*a + 351 = 114. What is the tens digit of a?
7
Let i(z) = 3*z - 7. Suppose -2*u + 108 = 2*u. Suppose 3*j - u = 3*l, -5*j + 3*l - 11 = -48. What is the units digit of i(j)?
8
Suppose -7*u = -77 - 63. What is the tens digit of u?
2
Let y = 4 + -18. What is the units digit of (-2 + 4)/((-2)/y)?
4
Suppose 4*g + f + 20 = 0, 5*g + 0*f = 5*f - 50. Suppose 4*i = -3*m - 41, 0*i = 5*m + 3*i + 72. Let w = g - m. What is the units digit of w?
9
Suppose -4*a + 343 = 5*k, -k + 183 + 148 = 4*a. Suppose w - a = -w. What is the tens digit of w?
4
Let f(o) = 15*o**2 + 5*o + 9. What is the units digit of f(-3)?
9
Let d(q) = -q**3 - 7*q**2 - q - 4. Let t be d(-7). Let v be (-2)/(6/(-13))*t. Let g = 1 + v. What is the units digit of g?
4
Suppose -2*q + 260 = 3*q. Suppose -5*b - 5*p = -95, 3*b - 4*p = -b + q. What is the tens digit of b?
1
Suppose -5*t + 5 - 15 = 0. What is the units digit of 2 - (0 - (8 + t))?
8
Suppose 0 = 6*f - 8*f + 282. What is the tens digit of f?
4
Let m(r) = -r**2 + 22*r + 28. What is the tens digit of m(11)?
4
Let f(y) = -y**3 - 7*y**2 + 9*y + 2. Let j be f(-8). Let q be -44*((-3)/j - 1). Let p = q - 15. What is the units digit of p?
7
Suppose -314 = -3*i - 5*o, -5*i - 3*o = -0*o - 534. What is the units digit of i?
8
Suppose 3*x - 2*x - 2 = 0. Let f(s) = 2 - 1 + 2 - s. What is the units digit of f(x)?
1
Suppose -n + 8 = -0. Suppose 0*t - 20 = -5*t. Suppose t*k - 23 = -j, 4*j = n + 4. What is the units digit of k?
5
Suppose y - o = -48 + 180, -4*y - 3*o + 507 = 0. What is the units digit of y?
9
Suppose -r + 2 = -3. Let l = r + 16. What is the tens digit of l?
2
Let m(z) 